 = 97743 + -56176. Is x a composite number?
True
Is (-10076835)/(-344) + (-3)/24 composite?
True
Let n be 2/(-14)*0*(-3)/3. Suppose 6*a - 16918 - 50300 = n. Is a a composite number?
True
Suppose 4*b - 16*b = -1356. Suppose -112*c + b*c - 2 = 0. Is c + 0/4 - -335*1 a prime number?
True
Suppose -3*v - 1 = -s + 1, -8 = -4*s + 4*v. Suppose y + 0*b = b - 72, s*b = -y - 87. Let q = 4340 - y. Is q prime?
False
Let o be -1 + 0/3 - 522. Suppose -3*i - 3231 = 3*t, 3*i + 1241 = -2*t - 910. Let v = o - t. Is v composite?
False
Let h be 44/(-24) + 1/(-6). Let b be ((-6681)/68)/(h/96). Let u = b - 2587. Is u a prime number?
True
Let p = 16 - 21. Let m(c) = -733*c - 29. Let s be m(p). Let r = s - 473. Is r composite?
False
Let w = -143 + 2317. Let z = w + -441. Is z a composite number?
False
Let y = 34 - 79. Let t be (-1)/(-3) + -3*15325/y. Let s = -343 + t. Is s composite?
True
Let o(l) = -l**2 + 10*l + 14. Let k be o(14). Let p = -43 - k. Is (-2 - (-1 + p)) + (2092 - -3) a prime number?
False
Is (-218949 - (10 - 8))*-1 a prime number?
False
Suppose 10*b + 60 = 7*b. Let n = 116 + -126. Is (5132/b)/(2/n) a composite number?
False
Let q = -67626 + 114839. Is q prime?
False
Suppose -2*q = -2*w + 810, -6*w + 3*w - 6 = 0. Let n = q + 660. Is n a prime number?
False
Let d(n) = -326*n**3 - 2*n**2 + 5*n + 40. Let b be d(-5). Suppose -9*s - 8*s = -b. Is s a prime number?
False
Let n(l) be the second derivative of l**5/20 - 13*l**4/4 + 89*l**3/6 - 7*l**2 - 2*l + 87. Is n(37) a prime number?
True
Suppose 3*y - 3 = -3*v, 0*v + 5*y = -v - 15. Suppose 293 - 1437 = -2*l - 3*k, 3*l - v*k - 1678 = 0. Let t = l - 9. Is t a prime number?
True
Suppose u - 34368 = -2*p + 12335, 0 = 3*u - 3*p - 140136. Is u a prime number?
False
Suppose -24*a + 7*a + 68 = 0. Suppose 0 = -3*w - 4*z + 2923, -a*w + 0*z + 3902 = 3*z. Is w composite?
False
Let r(j) = 4*j - 29. Let f be r(8). Suppose 8*y - 12*y = -4, 4*w - 145 = f*y. Is w a prime number?
True
Suppose -8*c + 2*c + 54 = 0. Suppose -p = -f - c, 2*p + 4*f + 21 = 3*p. Suppose 101 = 3*u - 2*x, p*u - 258 = -5*x - 98. Is u a composite number?
True
Suppose -5*h + 3*q + 40042 = 5363, -5*q = -2*h + 13864. Is h prime?
False
Let q be (7 - 4) + (2237 - 5). Suppose 2*n = 6, -4*n + 0*n - q = -3*g. Is g composite?
True
Suppose -5*t - 2*l = 2*l + 3109, 5*l = t + 616. Let d = t + 1204. Is d a prime number?
False
Suppose 0 = -2*s + t + 6, -3*s - t = 2*t. Suppose 0 = -4*k + 3*j + 5930, -s*k - 7411 = -7*k + 3*j. Is k a prime number?
True
Let a = 28537 + -15911. Suppose -3*d + a = 2018. Suppose 0 = -5*v - 381 + d. Is v composite?
False
Suppose 24*c - 12190970 = -2853602. Is c a prime number?
True
Let c(o) = -5*o**2 - 8*o + 3. Let h be c(-1). Let n(m) = 964*m + 65. Is n(h) prime?
True
Let i = -28 + 39. Suppose 12*t - 54145 = -4*x + i*t, 67691 = 5*x - 2*t. Is x prime?
True
Let s(l) = 3 - 4*l - 2*l + 5*l + 2*l. Let j be s(-13). Let b(k) = 9*k**2 + 4*k + 29. Is b(j) a prime number?
False
Suppose 4*d - 110 = -22. Suppose -2*t = 2*z - d, -5 = -t - 3. Suppose q = -h + 634, z*q - 4*q = -2*h + 1265. Is h a prime number?
False
Let s(z) = -z**2 + 17*z + 114. Let x be s(22). Suppose 2*a = -10, -10094 = x*g - 8*g + 2*a. Is g composite?
False
Let y = 266 + -117. Let u = y + 14. Is u a composite number?
False
Let i(c) = 473*c + 20. Let z be (-20)/(-28) + (-6)/(-21) + 2. Is i(z) composite?
False
Suppose -24605*r + 24656*r = 10120593. Is r composite?
True
Let l be 5956*((-3)/(-2))/(-6 + 8). Let z = -3106 + l. Is z composite?
False
Suppose -479*r = -482*r + 66. Is (-8666271)/(-891) + (-10)/r + 1 a composite number?
True
Suppose -1063385 = -2*y - h, 6*y + 19*h - 3190127 = 20*h. Is y prime?
True
Let g(p) = -907*p + 568. Is g(-19) a prime number?
False
Suppose 51*f - 3*k = 50*f + 71413, -2*f = -4*k - 142818. Is f a prime number?
False
Let i = 356 - -672. Let t = -1 - -1. Suppose -4*x + t*x + i = 0. Is x prime?
True
Is (2/8 - 9/(-12))/((-32)/(-5242912)) a composite number?
False
Suppose 4*t - 18 = -2*a, 20 = 5*a + 8*t - 3*t. Let z(q) = -4038*q + 49. Is z(a) a prime number?
False
Let k(l) = l**3 + 6*l**2 - 17*l. Let p be k(-8). Suppose -6*j - 4*i = -3*j + 26, 2*i = 2*j + p. Is ((-3)/j)/(1/3958) a prime number?
True
Let z = 51 + -46. Suppose -4*f + z*f + 2 = 0. Is 470/6 + f/(-3) composite?
False
Suppose 3*i + 946818 = 48*j - 40*j, j + 4*i = 118361. Is j a prime number?
False
Let x = -104619 - -159858. Is x a prime number?
False
Let s(i) = 287*i + 20. Let r(p) = -861*p - 59. Let h(b) = 3*r(b) + 8*s(b). Let q be h(-9). Suppose -4*j - q = -2*m - 8058, -5*j - 5*m = -6835. Is j composite?
True
Let u be -2*(-8)/((-32)/(-101836)). Suppose 8*x - u = -6*x. Is x a prime number?
True
Is (20660023/(-123) + -25)/((-4)/6) prime?
False
Suppose -4*r = 3*l + 5, -5*l = r - 5 + 2. Let d(i) = 3*i + 6. Let b be d(r). Suppose -7*g - g + 15208 = b. Is g prime?
True
Suppose 6*j = 185 - 947. Let m = -126 - j. Is (-913 + -40)*(-1)/1*m a prime number?
True
Suppose -84*x - 21*x + 3364273 - 350878 = 0. Is x a composite number?
True
Let y be -3 + (8 - 4) - -21. Suppose 0 = -q + y + 45. Is q a composite number?
False
Let i(s) = -21*s**2 + 13*s - 292. Let j(h) = -21*h**2 + 13*h - 295. Let k(p) = 6*i(p) - 7*j(p). Is k(-28) composite?
True
Let m(r) = r**3 + 2*r**2 - r + 1. Suppose -4*g + 1 = -2*o + 5, -4 = 4*o - 2*g. Let k be m(o). Is 2/12*758 - (-2)/k composite?
False
Suppose 52189 = 39*s - 16412. Suppose 2*w - 5013 - s = 0. Is w a prime number?
False
Let h = 73345 - 35202. Is h a prime number?
False
Let g(p) = 126*p**2 + 140*p + 157. Is g(24) composite?
True
Suppose -54 + 33 = -7*w. Suppose 3*b - 14952 = -w*m, 5*b + 9*m = 6*m + 24926. Is b composite?
False
Let p(i) = 13*i**2 + 4*i - 35. Let a(c) = 18*c + 26. Let j be a(-1). Is p(j) prime?
True
Is (2 - 3)/(-4) - 57011/(-4) composite?
True
Suppose 0 = -8*j + 2*j - 6. Is (-1 - j) + -2 + 957/3 a prime number?
True
Suppose -2*x + 8208 = 4*r, 5*r - 6987 = -2*x + 1226. Suppose -5*n - 3*z + 4440 + x = 0, 0 = 2*n + 5*z - 3425. Suppose 520 = 5*k - n. Is k composite?
True
Let t = 2460 + 177. Suppose -t = -w - 2*w. Is w a prime number?
False
Suppose 5*p + o = -0*o + 210, -2*p = o - 84. Let k(q) = 3*q**2 - 29*q - 12. Let x be k(11). Let s = x + p. Is s prime?
False
Let c = 116222 + -43882. Let f = 107211 - c. Is f a prime number?
True
Let c(p) = -45 + 65*p**2 + 3*p + 6 + 2*p + 78*p**2 - 20*p**2. Is c(4) composite?
False
Let v(a) = -a**2 + 17*a + 2533. Suppose 4*p = -5*m - 8 - 2, 2*m + 4 = 5*p. Is v(p) composite?
True
Suppose -13*f + 1430692 = 48*f + 31*f. Is f a composite number?
False
Let t(h) = -4*h - 19. Let d be t(-6). Suppose v = d*v, y = -v - 763. Is y/(-2) + (-27)/54 composite?
True
Let o(y) be the third derivative of -43*y**4/6 - 139*y**3/6 - 95*y**2. Is o(-23) prime?
False
Suppose -24*l + v = -27*l + 1219641, -2032735 = -5*l + v. Is l a composite number?
False
Suppose -3*t + 117 = -3*g + 30, 4*g = t - 113. Let p = 40 + g. Is 0 + (-4)/p*-201 a prime number?
True
Let d(v) = -2*v**3 - 13*v**2 - 6*v - 182. Is d(-25) a composite number?
True
Let w be (-5)/2 + (4/(-8) - -1). Is (-2235)/w + (-2)/4 prime?
True
Let b(a) = a**3 + 2*a + 3. Let w be b(-1). Suppose 2*z = -5*f + 2057, 3*z = -w*f + 2*f - 838. Is f a prime number?
False
Let m = -20872 - -47091. Suppose 2*h + h - 34966 = -4*x, 3*x - m = -5*h. Is x composite?
True
Let k(m) be the third derivative of 199*m**5/60 + m**4/12 - m**3/6 + 12*m**2. Let w be k(1). Suppose 3*c - w - 577 = 0. Is c prime?
False
Suppose 0 = -s + 2*s + 2. Let o = 1 - s. Suppose -o*z - z + 508 = 0. Is z composite?
False
Is (-4328*(-27)/(-324))/(2/(-267)) a composite number?
True
Let d be -4 + 2 + 5 - 3. Is 5669 + d*7/(-49) a prime number?
True
Suppose -5*x - 1773929 = -4*z, 0 = 13*z - 11*z - 2*x - 886968. Is z a prime number?
False
Let t = 15 + -20. Let c be (2 - 1)/(t/67575). Is 2/(-3)*c/34 a composite number?
True
Let u(m) = -m + 30. Let o be u(7). Suppose o*l = 13*l + 6*l. Let g(t) = -2*t**3 - t**2 + t + 2147. Is g(l) composite?
True
Suppose -2*u - 591 = 3*n - 3217, -n + 4*u = -894. Suppose n + 1455 = q. Is q composite?
False
Suppose 145*m - 83984234 = -201*m. Is m prime?
True
Suppose j = 4*l + 3561 - 953, 4 = -j. Let h be l + 1 + (-5 - -2). Let i = 1454 + h. Is i prime?
False
Suppose 131*p = 123*p - 16. Is (-9 - -7)/(p/(-126406)*-2) prime?